e the remainder when 4487 is divided by 887.
52
Calculate the remainder when 66605 is divided by 262.
57
Calculate the remainder when 21487 is divided by 10385.
717
Calculate the remainder when 365771 is divided by 451.
10
Calculate the remainder when 17456 is divided by 842.
616
Calculate the remainder when 36877 is divided by 66.
49
What is the remainder when 1303 is divided by 1269?
34
What is the remainder when 552 is divided by 275?
2
What is the remainder when 17226 is divided by 60?
6
What is the remainder when 65892 is divided by 32941?
10
Calculate the remainder when 127566 is divided by 27.
18
Calculate the remainder when 41901 is divided by 7.
6
What is the remainder when 23230 is divided by 929?
5
Calculate the remainder when 16953 is divided by 195.
183
Calculate the remainder when 15087 is divided by 107.
0
What is the remainder when 136184 is divided by 68087?
10
Calculate the remainder when 1028565 is divided by 68.
65
What is the remainder when 14724 is divided by 3?
0
Calculate the remainder when 8505 is divided by 47.
45
Calculate the remainder when 14010 is divided by 350.
10
What is the remainder when 7071 is divided by 1998?
1077
Calculate the remainder when 113265 is divided by 28315.
5
Calculate the remainder when 62683 is divided by 1424.
27
What is the remainder when 496613 is divided by 33?
29
Calculate the remainder when 17261 is divided by 16.
13
What is the remainder when 4435 is divided by 222?
217
What is the remainder when 87081 is divided by 2721?
9
What is the remainder when 24671 is divided by 2295?
1721
What is the remainder when 206489 is divided by 236?
225
Calculate the remainder when 55531 is divided by 79.
73
What is the remainder when 1811150 is divided by 79?
75
What is the remainder when 11666 is divided by 73?
59
Calculate the remainder when 392141 is divided by 1057.
1051
Calculate the remainder when 26226 is divided by 21.
18
What is the remainder when 24342 is divided by 14?
10
What is the remainder when 2869 is divided by 569?
24
Calculate the remainder when 568 is divided by 287.
281
What is the remainder when 17286 is divided by 9?
6
Calculate the remainder when 219507 is divided by 25.
7
What is the remainder when 7687 is divided by 163?
26
Calculate the remainder when 41587 is divided by 332.
87
What is the remainder when 483924 is divided by 41?
1
Calculate the remainder when 677101 is divided by 65.
61
What is the remainder when 531439 is divided by 455?
454
Calculate the remainder when 33733 is divided by 203.
35
Calculate the remainder when 2958 is divided by 45.
33
Calculate the remainder when 35854 is divided by 3251.
93
What is the remainder when 13781 is divided by 201?
113
Calculate the remainder when 771 is divided by 628.
143
What is the remainder when 39703 is divided by 4386?
229
Calculate the remainder when 97439 is divided by 149.
142
Calculate the remainder when 19564 is divided by 1574.
676
Calculate the remainder when 18092 is divided by 17.
4
Calculate the remainder when 220433 is divided by 3.
2
What is the remainder when 275760 is divided by 1594?
1592
What is the remainder when 12285 is divided by 451?
108
What is the remainder when 1291261 is divided by 512?
509
Calculate the remainder when 5993 is divided by 607.
530
Calculate the remainder when 12365 is divided by 10.
5
Calculate the remainder when 1016620 is divided by 1793.
1782
What is the remainder when 881 is divided by 606?
275
Calculate the remainder when 360560 is divided by 16.
0
Calculate the remainder when 1865 is divided by 103.
11
What is the remainder when 4151 is divided by 625?
401
What is the remainder when 7772 is divided by 69?
44
What is the remainder when 21010 is divided by 6987?
49
What is the remainder when 51365 is divided by 9?
2
What is the remainder when 354174 is divided by 118050?
24
What is the remainder when 14087 is divided by 133?
122
What is the remainder when 2181 is divided by 56?
53
What is the remainder when 8236 is divided by 681?
64
What is the remainder when 849 is divided by 623?
226
What is the remainder when 1121 is divided by 76?
57
Calculate the remainder when 71470 is divided by 1662.
4
Calculate the remainder when 5439 is divided by 43.
21
What is the remainder when 239361 is divided by 175?
136
What is the remainder when 44944 is divided by 31?
25
What is the remainder when 48297 is divided by 8038?
69
What is the remainder when 6477 is divided by 90?
87
What is the remainder when 3318 is divided by 256?
246
What is the remainder when 16907 is divided by 10?
7
What is the remainder when 687978 is divided by 6198?
0
What is the remainder when 74647 is divided by 19?
15
What is the remainder when 14094 is divided by 88?
14
What is the remainder when 5516 is divided by 4?
0
Calculate the remainder when 397581 is divided by 176.
173
Calculate the remainder when 25744 is divided by 2523.
514
Calculate the remainder when 3133 is divided by 142.
9
What is the remainder when 2434 is divided by 613?
595
Calculate the remainder when 200 is divided by 28.
4
What is the remainder when 36375 is divided by 6059?
21
What is the remainder when 6134 is divided by 3066?
2
Calculate the remainder when 8113 is divided by 344.
201
Calculate the remainder when 3920 is divided by 12.
8
Calculate the remainder when 19914 is divided by 6370.
804
Calculate the remainder when 88743 is divided by 7.
4
What is the remainder when 12015 is divided by 12009?
6
Calculate the remainder when 178285 is divided by 24.
13
What is the remainder when 427151 is divided by 13?
10
What is the remainder when 9554 is divided by 111?
8
Calculate the remainder when 13144 is divided by 21.
19
Calculate the remainder when 71332 is divided by 482.
478
Calculate the remainder when 3646 is divided by 162.
82
What is the remainder when 57071 is divided by 8?
7
Calculate the remainder when 27833 is divided by 160.
153
Calculate the remainder when 7372 is divided by 614.
4
What is the remainder when 15221 is divided by 566?
505
What is the remainder when 5803 is divided by 45?
43
What is the remainder when 13545 is divided by 1042?
1041
What is the remainder when 14507 is divided by 123?
116
What is the remainder when 128581 is divided by 770?
761
Calculate the remainder when 3801 is divided by 1734.
333
What is the remainder when 794460 is divided by 198611?
16
Calculate the remainder when 4597 is divided by 1131.
73
What is the remainder when 91540 is divided by 1477?
1443
Calculate the remainder when 97779 is divided by 51.
12
What is the remainder when 3124866 is divided by 83?
82
Calculate the remainder when 11715 is divided by 650.
15
What is the remainder when 346117 is divided by 123?
118
What is the remainder when 2582 is divided by 78?
8
Calculate the remainder when 16816 is divided by 85.
71
Calculate the remainder when 16166 is divided by 49.
45
Calculate the remainder when 24491 is divided by 1644.
1475
Calculate the remainder when 25222 is divided by 12610.
2
Calculate the remainder when 321068 is divided by 5.
3
What is the remainder when 37337 is divided by 254?
253
What is the remainder when 385139 is divided by 1310?
1309
What is the remainder when 151003 is divided by 1452?
1447
What is the remainder when 1083 is divided by 278?
249
What is the remainder when 759486 is divided by 612?
606
Calculate the remainder when 8014 is divided by 537.
496
What is the remainder when 60268 is divided by 836?
76
What is the remainder when 39442 is divided by 58?
2
Calculate the remainder when 52896 is divided by 9.
3
Calculate the remainder when 1055 is divided by 82.
71
What is the remainder when 552 is divided by 138?
0
What is the remainder when 136317 is divided by 175?
167
Calculate the remainder when 235542 is divided by 1510.
1492
Calculate the remainder when 8022 is divided by 1298.
234
Calculate the remainder when 316495 is divided by 262.
261
Calculate the remainder when 17665 is divided by 5874.
43
Calculate the remainder when 138666 is divided by 32.
10
What is the remainder when 928 is divided by 212?
80
What is the remainder when 10420 is divided by 2525?
320
Calculate the remainder when 957 is divided by 192.
189
Calculate the remainder when 30383 is divided by 103.
101
What is the remainder when